Let u(g) = g**2 + 5. Let v(f) = 4*f**2 + 4*f + 11. Let y be v(-2). Suppose 0 = y*l - 25*l + 726. What is the remainder when l is divided by u(-6)?
39
Let t(i) = -56*i + 57. Let q be t(-5). Let y = q + -328. What is the remainder when y is divided by 4?
1
Let n = -179 + 197. What is the remainder when 135 + (-8)/(13 + -5) is divided by n?
8
Let i(g) = -2*g**3 + 11*g**2 + 8*g - 3. Let b(o) = -o**2 + 18*o + 46. Let j = -60 + 80. Let v be b(j). What is the remainder when i(v) is divided by 4?
1
Let y = 12124 - 12056. What is the remainder when 1447 is divided by y?
19
Let b be (1 - 1*-2)*1. Suppose b*n - 24 = -f, 4*f + 114 = 8*f + 3*n. Let q(v) = v**3 - 3*v**2 + 2*v + 5. What is the remainder when f is divided by q(3)?
8
Let r = -489 - -499. Calculate the remainder when 37 is divided by (r/(-25))/(13/(-130)).
1
Suppose 6*f = f + 525. Let s(k) = -k**2 - 19*k + 56. Suppose 5*n + 5 = -w, 4*w + 4*n = -35 - 33. What is the remainder when f is divided by s(w)?
33
Let p(l) = 19*l**2 + 8*l + 10. Let q be p(-2). Let c(v) = 16*v - 2. Let a be c(-3). Let x = a + q. What is the remainder when 79 is divided by x?
19
Let w(x) = x**3 + 7*x**2 - 36*x + 315. Calculate the remainder when 3426 is divided by w(-12).
24
Suppose -25 = -16*h + 11*h. Suppose -5*l + 2*u = -175, -5*l + 3*u - 26 = -206. Calculate the remainder when l is divided by 0/h + (2 - -5).
5
Let b = -2072 + 2087. What is the remainder when 519 is divided by b?
9
Suppose -s = 4*t - 341, 3*s + 24*t - 1078 = 23*t. Calculate the remainder when s is divided by 119.
4
Suppose -2*i - 86 = -5*l + 39, -2*l - i = -59. Let k(r) = -3*r**2 - 53*r + 204. What is the remainder when k(-20) is divided by l?
10
Suppose 2073 = u - c, -325*u + 322*u - 3*c = -6195. Calculate the remainder when u is divided by 413.
4
Let m = 98 + -68. Suppose -m = -6*b - 12. Suppose 0 = -b*q - 3, 4*q = 4*f + 1 - 85. What is the remainder when 37 is divided by f?
17
Suppose 0 = 3*u - 108 + 1542. Let q = -454 - u. Calculate the remainder when 84 is divided by q.
12
Let k = -247 - -244. Calculate the remainder when ((-153)/(-9))/((-1)/k) is divided by 34.
17
Let a(t) = t**2 + 22*t - 1072. Calculate the remainder when 67 is divided by a(24).
3
What is the remainder when (91/(-156)*-9)/((-5)/((-4020)/9)) is divided by 102?
61
Let f = 144209 - 144197. What is the remainder when (2/2)/((-1)/(-41)) is divided by f?
5
Suppose -3*t + 5*t - 8 = 0, -4*b + 4*t = -60. Let n be ((-8)/(-12))/((-12)/(-1422)). Calculate the remainder when 7 + n + 4*1 + 3 is divided by b.
17
Let y = -62 - -144. Let n = -231 + 273. Calculate the remainder when y is divided by n.
40
Suppose -12*j + 30 = -66. Let f = -140 + 146. Calculate the remainder when j is divided by f.
2
Let m = 54 + -57. Let q(t) = t**2 + t - 1. Let y be q(m). Suppose 5*s = -j + 214, -y*s - 2*j = -0*j - 213. What is the remainder when s is divided by 13?
4
Suppose -4*c + 4*l = -148, 11*c = 12*c - 5*l - 45. Calculate the remainder when 40/c + -1 + 68/14 is divided by 12/18*(-6)/(-4).
0
Suppose 3*p + 5*g - 322 = 0, 2*g = -0 - 8. Suppose -f = -3*f + p. Let q = 68018 - 68002. What is the remainder when f is divided by q?
9
Suppose 28782 = 285*g - 272*g. What is the remainder when g is divided by 5?
4
Let u = 33884 - 33848. Calculate the remainder when 1383 is divided by u.
15
Let j(g) = 7*g + 60. Let f be j(-19). Let b = f + 84. Calculate the remainder when 9/6*(-680)/(-12) is divided by b.
8
Let k(a) = 3*a**3 - 44*a**2 - 101*a - 169. What is the remainder when k(27) is divided by 56?
53
Let i(n) = 19*n**2 - 17*n - 25. Calculate the remainder when i(-11) is divided by 8.
5
Suppose -121*r - 117*r + 14910 = -223*r. What is the remainder when r is divided by 327?
13
Let c = 324 + -313. Let h be 3/(-6)*(-5 - 1). Suppose 0 = -h*n + 42 + 12. What is the remainder when n is divided by c?
7
Suppose 190*s - 136*s - 56126 = -157*s. Calculate the remainder when s is divided by 201.
65
Let s(m) = -37 + 0*m + 4*m - 14*m - 66. Calculate the remainder when 182 is divided by s(-14).
34
Calculate the remainder when (-68)/(-170) - 11932/(-20) is divided by 204.
189
Let f = 20600 - 20559. Calculate the remainder when 8565 is divided by f.
37
Let s(m) = 4*m. Suppose -6*a + a = 3*p - 752, a - p - 144 = 0. What is the remainder when a is divided by s(13)?
44
Let c = 2198 + -2038. Calculate the remainder when 492 is divided by c.
12
Let l(a) = -1277*a - 7911. Calculate the remainder when 6916 is divided by l(-8).
1
Calculate the remainder when (-53)/(-318) + (-33380)/(-24) is divided by 24.
23
Let d = 28147 - 27284. Calculate the remainder when d is divided by 285.
8
Suppose -3*a - d = -234 + 91, -3*d = -4*a + 169. What is the remainder when 3997 is divided by a?
41
Let z = 1 + 1. Suppose -f + 33 = z*f. Let d = 8575 - 8554. What is the remainder when d is divided by f?
10
Let r(i) = 9*i**2 + 5*i - 12. Let v = -38 - -33. Let n(f) = 9*f - 33. Calculate the remainder when r(v) is divided by n(9).
44
Suppose 0 = 2*u - 2*y - 92, 2*u + 13*y - 120 = 8*y. What is the remainder when u is divided by (-15)/10*(-38)/3?
12
Calculate the remainder when -17 - 440/(-4) - 19 is divided by 38.
36
Let o(h) = -3*h**2 - 25*h - 25. Let n be o(-10). Let r = n + 118. What is the remainder when r is divided by 17?
9
Suppose 6*g + 33 = 243. Let b = 54 - g. Calculate the remainder when 146 is divided by b.
13
Suppose 196 + 60 = 2*h + 2*a, 3*h - 2*a - 389 = 0. What is the remainder when 174 is divided by h?
45
Let a(t) = t**3 - 15*t**2 - 27*t - 1. Suppose -25*l = -13*l - 204. What is the remainder when a(l) is divided by 41?
36
Let w(h) = 13*h + 4. Let m be w(1). Let x = -14 + m. What is the remainder when 32 is divided by 24/(x/1) - -3?
10
Suppose 13*n - 68 - 712 = 0. Let z(r) = r**2 - 18*r + 35. What is the remainder when n is divided by z(17)?
6
Suppose 5*t - 3*x + 6 = 0, 8 + 0 = 2*t + 4*x. Suppose 10*r - 85 - 75 = t. Calculate the remainder when 42 is divided by r.
10
Suppose -11*x = 5*d - 13*x - 3229, 1941 = 3*d - 3*x. Calculate the remainder when d is divided by 34.
33
Suppose n - 36 = 4*h + 17, -4*h = n + 59. Let a = h - -14. Suppose 3*c - 258 = -a*c. Calculate the remainder when c is divided by 29.
28
Let z(h) = h**2 - h - 2. Suppose 5*n + 4*w = 147, -3*n - 6*w + 77 = 2*w. Calculate the remainder when n is divided by z(4).
1
Let j(a) = 2*a**2 + 8*a + 20. Calculate the remainder when 3385 is divided by j(-6).
41
Let m = 193 - 166. Suppose -h + 245 = 6*h. Calculate the remainder when h is divided by m.
8
Let u = 32 - 27. Suppose -3*l + 3*z = -5*l + 23, -5*l - 3*z = -80. Suppose -6*h = -8*h - 2*t + 10, 5*h + 3*t = l. What is the remainder when u is divided by h?
1
Suppose -2*r + 5*n + 234 + 404 = 0, -2*r = n - 674. What is the remainder when r is divided by 48?
46
Suppose 68*z = 25698 + 17618. What is the remainder when z is divided by 11?
10
Suppose 5*r + 2*u = 114, 4*u + 14 = 2. Calculate the remainder when 2/(-4)*(30 - 136 - -18) is divided by r.
20
Let q = -103 + 100. Calculate the remainder when ((-153)/21 - q)*(5 + -12) is divided by 6.
0
Suppose 5*k = -4*a + 2*a + 128, -4*k + 100 = 4*a. Let w = 1186 + -494. Suppose 0 = -8*y + 132 + w. What is the remainder when y is divided by k?
25
Suppose 12*u = 8*u - 84. Calculate the remainder when 264 is divided by 6/(-2 - 48/u) + -2.
17
Let h(i) be the third derivative of -7*i**6/12 + i**5/60 + 5*i**4/24 + i**3 + 10*i**2. Calculate the remainder when 284 is divided by h(-1).
68
Let g = -383 + 392. Suppose -g*d = -5*d - 156. Calculate the remainder when 115 is divided by d.
37
Let f = 3180 + -3143. Suppose 3*l - 6*l + 36 = 0. What is the remainder when f is divided by l?
1
Let g(f) = 3*f - 10. Let u be g(5). Suppose 84 = u*o + 14. Let v(z) = -z**2 + 15*z - 9. Calculate the remainder when 39 is divided by v(o).
4
Let z(g) be the third derivative of g**5/12 + 11*g**4/24 + g**3 - 42*g**2. What is the remainder when z(-4) is divided by 9?
6
Suppose 3*q - 4*m = 155, 23*q + 157 = 26*q - 5*m. What is the remainder when q is divided by 6?
1
Let p(z) = -2*z**3 + 61*z**2 + 575*z - 14. Calculate the remainder when 1226 is divided by p(38).
170
Suppose -6 = 4*h + 2*i, -4*i = -h - i + 9. What is the remainder when (-3 - -1) + (4 - h) is divided by ((-478)/2868*-2*2)/((-4)/(-6))?
0
Suppose -2*m - 592 = -6*m. Let v 